nder when 43 is divided by 15.
13
Calculate the remainder when 599 is divided by 593.
6
Calculate the remainder when 217 is divided by 20.
17
Calculate the remainder when 416 is divided by 95.
36
What is the remainder when 628 is divided by 6?
4
What is the remainder when 1084 is divided by 16?
12
What is the remainder when 611 is divided by 70?
51
Calculate the remainder when 250 is divided by 23.
20
What is the remainder when 130 is divided by 44?
42
What is the remainder when 1193 is divided by 395?
8
What is the remainder when 444 is divided by 89?
88
Calculate the remainder when 160 is divided by 114.
46
What is the remainder when 1166 is divided by 107?
96
Calculate the remainder when 111 is divided by 48.
15
Calculate the remainder when 249 is divided by 69.
42
What is the remainder when 3742 is divided by 931?
18
Calculate the remainder when 299 is divided by 139.
21
Calculate the remainder when 221 is divided by 32.
29
Calculate the remainder when 3979 is divided by 48.
43
Calculate the remainder when 632 is divided by 5.
2
Calculate the remainder when 373 is divided by 107.
52
Calculate the remainder when 363 is divided by 65.
38
What is the remainder when 204 is divided by 101?
2
What is the remainder when 3143 is divided by 22?
19
Calculate the remainder when 170 is divided by 16.
10
What is the remainder when 237 is divided by 228?
9
What is the remainder when 619 is divided by 104?
99
Calculate the remainder when 4102 is divided by 24.
22
Calculate the remainder when 391 is divided by 40.
31
What is the remainder when 292 is divided by 68?
20
What is the remainder when 118 is divided by 20?
18
Calculate the remainder when 597 is divided by 280.
37
What is the remainder when 215 is divided by 56?
47
Calculate the remainder when 26 is divided by 13.
0
Calculate the remainder when 3358 is divided by 240.
238
Calculate the remainder when 615 is divided by 77.
76
Calculate the remainder when 1198 is divided by 597.
4
Calculate the remainder when 305 is divided by 17.
16
What is the remainder when 476 is divided by 50?
26
Calculate the remainder when 739 is divided by 53.
50
Calculate the remainder when 504 is divided by 153.
45
Calculate the remainder when 1094 is divided by 73.
72
What is the remainder when 1234 is divided by 612?
10
Calculate the remainder when 4024 is divided by 161.
160
Calculate the remainder when 887 is divided by 441.
5
Calculate the remainder when 622 is divided by 2.
0
What is the remainder when 1252 is divided by 620?
12
What is the remainder when 138 is divided by 46?
0
Calculate the remainder when 1030 is divided by 37.
31
What is the remainder when 188 is divided by 112?
76
What is the remainder when 120 is divided by 27?
12
Calculate the remainder when 26 is divided by 24.
2
What is the remainder when 335 is divided by 56?
55
Calculate the remainder when 6786 is divided by 45.
36
What is the remainder when 1008 is divided by 463?
82
What is the remainder when 582 is divided by 13?
10
What is the remainder when 646 is divided by 22?
8
What is the remainder when 458 is divided by 98?
66
Calculate the remainder when 176 is divided by 96.
80
What is the remainder when 2353 is divided by 157?
155
What is the remainder when 2473 is divided by 21?
16
Calculate the remainder when 468 is divided by 20.
8
Calculate the remainder when 533 is divided by 8.
5
What is the remainder when 283 is divided by 152?
131
Calculate the remainder when 1185 is divided by 132.
129
What is the remainder when 9913 is divided by 13?
7
Calculate the remainder when 7912 is divided by 48.
40
Calculate the remainder when 160 is divided by 43.
31
What is the remainder when 1751 is divided by 15?
11
Calculate the remainder when 1026 is divided by 334.
24
Calculate the remainder when 394 is divided by 59.
40
Calculate the remainder when 8712 is divided by 19.
10
What is the remainder when 303 is divided by 44?
39
What is the remainder when 770 is divided by 269?
232
Calculate the remainder when 185 is divided by 17.
15
Calculate the remainder when 2013 is divided by 665.
18
What is the remainder when 755 is divided by 14?
13
Calculate the remainder when 146 is divided by 32.
18
Calculate the remainder when 977 is divided by 968.
9
Calculate the remainder when 2071 is divided by 61.
58
Calculate the remainder when 173 is divided by 83.
7
Calculate the remainder when 42 is divided by 19.
4
What is the remainder when 21 is divided by 14?
7
Calculate the remainder when 16339 is divided by 95.
94
What is the remainder when 5548 is divided by 69?
28
What is the remainder when 3346 is divided by 4?
2
What is the remainder when 10846 is divided by 96?
94
What is the remainder when 1100 is divided by 185?
175
Calculate the remainder when 1539 is divided by 20.
19
Calculate the remainder when 507 is divided by 34.
31
What is the remainder when 2146 is divided by 12?
10
Calculate the remainder when 61 is divided by 33.
28
What is the remainder when 2935 is divided by 13?
10
Calculate the remainder when 294 is divided by 11.
8
What is the remainder when 106 is divided by 12?
10
What is the remainder when 308 is divided by 65?
48
Calculate the remainder when 516 is divided by 78.
48
What is the remainder when 298 is divided by 30?
28
Calculate the remainder when 131 is divided by 45.
41
What is the remainder when 453 is divided by 11?
2
Calculate the remainder when 949 is divided by 119.
116
What is the remainder when 36 is divided by 31?
5
Calculate the remainder when 382 is divided by 77.
74
What is the remainder when 43 is divided by 8?
3
Calculate the remainder when 170 is divided by 88.
82
Calculate the remainder when 73 is divided by 7.
3
Calculate the remainder when 63 is divided by 51.
12
What is the remainder when 454 is divided by 35?
34
Calculate the remainder when 1497 is divided by 739.
19
Calculate the remainder when 448 is divided by 48.
16
What is the remainder when 80 is divided by 12?
8
What is the remainder when 360 is divided by 4?
0
What is the remainder when 27039 is divided by 80?
79
Calculate the remainder when 478 is divided by 445.
33
What is the remainder when 2642 is divided by 50?
42
What is the remainder when 144 is divided by 128?
16
Calculate the remainder when 301 is divided by 179.
122
What is the remainder when 98 is divided by 3?
2
Calculate the remainder when 54 is divided by 4.
2
What is the remainder when 555 is divided by 9?
6
Calculate the remainder when 3233 is divided by 60.
53
What is the remainder when 349 is divided by 39?
37
What is the remainder when 186 is divided by 89?
8
Calculate the remainder when 766 is divided by 381.
4
What is the remainder when 86 is divided by 44?
42
Calculate the remainder when 163 is divided by 32.
3
Calculate the remainder when 835 is divided by 27.
25
Calculate the remainder when 1796 is divided by 4.
0
What is the remainder when 927 is divided by 56?
31
What is the remainder when 2012 is divided by 32?
28
Calculate the remainder when 234 is divided by 5.
4
What is the remainder when 28 is divided by 12?
4
What is the remainder when 19 is divided by 2?
1
Calculate the remainder when 1752 is divided by 102.
18
Calculate the remainder when 49 is divided by 35.
14
Calculate the remainder when 126 is divided by 44.
38
What is the remainder when 1195 is divided by 40?
35
What is the remainder when 565 is divided by 20?
5
What is the remainder when 252 is divided by 134?
118
Calculate the remainder when 500 is divided by 36.
32
What is the remainder when 1018 is divided by 988?
30
Calculate the remainder when 3629 is divided by 55.
54
Calculate the remainder when 620 is divided by 16.
12
What is the remainder when 91 is divided by 3?
1
What is the remainder when 336 is divided by 71?
52
What is the remainder when 347 is divided by 202?
145
What is the remainder when 347 is divided by 87?
86
What is the remainder when 191 is divided by 64?
63
What is the remainder when 1038 is divided by 50?
38
What is the remainder when 5913 is divided by 87?
84
What is the remainder when 1476 is divided by 487?
15
Calculate the remainder when 597 is divided by 23.
22
Calculate the remainder when 941 is divided by 86.
81
Calculate the remainder when 926 is divided by 35.
16
What is the remain